late the highest common factor of 1014951 and 17032413.
8529
What is the greatest common factor of 611584 and 36?
4
Calculate the greatest common divisor of 1185 and 91182985.
395
What is the highest common divisor of 2632 and 814360?
8
Calculate the greatest common divisor of 456817 and 1159.
19
What is the highest common factor of 14174 and 2252174?
746
Calculate the greatest common divisor of 3346124 and 1580.
316
Calculate the highest common divisor of 1292196 and 13408.
1676
Calculate the greatest common factor of 17 and 54162.
17
Calculate the greatest common factor of 4928 and 11904200.
616
What is the greatest common divisor of 6026 and 69598?
46
Calculate the greatest common factor of 914851 and 161.
7
Calculate the greatest common divisor of 12099837 and 26464.
827
What is the highest common divisor of 325381698 and 18?
18
What is the greatest common factor of 77613 and 23821?
41
Calculate the greatest common factor of 1073220 and 185.
5
Calculate the highest common divisor of 45036 and 157896.
108
Calculate the greatest common divisor of 204840 and 32740.
20
What is the highest common factor of 1350 and 82193850?
450
Calculate the greatest common divisor of 259402 and 130702.
286
What is the highest common divisor of 1291472 and 3557757?
6209
What is the highest common factor of 28614866 and 903?
301
What is the highest common factor of 3073700 and 28?
28
What is the highest common factor of 24296286 and 630?
42
What is the highest common factor of 84604204 and 167?
167
What is the greatest common factor of 269181 and 8217?
99
Calculate the highest common divisor of 10273335 and 195.
15
What is the highest common divisor of 360900 and 8100?
900
What is the highest common factor of 182614 and 5685429?
697
What is the highest common divisor of 1094450 and 238714?
826
Calculate the highest common factor of 8787662 and 33462.
338
Calculate the highest common divisor of 66500 and 205352.
532
What is the greatest common divisor of 34350291 and 351?
27
What is the greatest common divisor of 19233496 and 87?
29
What is the highest common factor of 10692 and 6387?
3
What is the highest common divisor of 34 and 2290182?
2
Calculate the greatest common factor of 91152503 and 10023.
3341
What is the highest common divisor of 338276 and 9196?
76
Calculate the highest common divisor of 13356 and 43934562.
6678
What is the greatest common divisor of 64283562 and 18?
18
Calculate the highest common factor of 29880 and 77345874.
1494
What is the highest common factor of 1541 and 7571761?
23
Calculate the greatest common divisor of 26 and 11810357.
13
Calculate the greatest common factor of 19044 and 54765783.
4761
Calculate the greatest common factor of 190301281 and 6562.
3281
Calculate the highest common factor of 2046 and 270246.
6
Calculate the highest common factor of 418 and 19278908.
22
Calculate the greatest common divisor of 404721 and 1713249.
2097
What is the highest common factor of 14000818 and 435656?
1534
What is the highest common factor of 18249642 and 99?
9
Calculate the highest common divisor of 20662425 and 42.
21
Calculate the highest common factor of 1872640 and 229691.
1463
What is the greatest common factor of 991542 and 8262?
102
Calculate the greatest common divisor of 69872 and 535553.
397
Calculate the greatest common factor of 5425669 and 103462.
3043
Calculate the greatest common divisor of 106 and 5768467.
53
What is the greatest common factor of 18347604 and 522?
174
Calculate the highest common factor of 838492 and 32.
4
What is the highest common factor of 2958 and 584674336?
986
Calculate the greatest common factor of 36907360 and 18071.
1063
What is the highest common factor of 4488 and 403026140?
748
Calculate the highest common factor of 2677460 and 3620.
20
Calculate the highest common factor of 4009433 and 918.
17
What is the highest common factor of 838344 and 341016?
312
What is the greatest common factor of 2350 and 311150?
50
Calculate the greatest common factor of 3352825 and 678776.
2737
What is the greatest common factor of 318931 and 344?
43
Calculate the greatest common factor of 4570734 and 7602.
42
Calculate the highest common divisor of 93036812 and 594.
22
Calculate the greatest common factor of 367060506 and 10716.
5358
Calculate the highest common factor of 326155 and 370.
185
What is the greatest common divisor of 882272 and 5024?
32
What is the greatest common factor of 60066606 and 30?
6
Calculate the highest common divisor of 9487 and 1991952.
53
What is the highest common factor of 2565 and 454385?
95
What is the greatest common divisor of 143734558 and 374?
374
What is the greatest common factor of 981594 and 397854?
414
What is the greatest common factor of 11748535 and 31?
31
Calculate the greatest common factor of 13985583 and 4233.
249
What is the highest common factor of 1440 and 505538640?
720
Calculate the greatest common factor of 20838 and 322356.
6
What is the highest common divisor of 7104992 and 128?
32
Calculate the greatest common factor of 635 and 51029743.
127
Calculate the highest common divisor of 11857559 and 541081.
2719
Calculate the highest common divisor of 297 and 677349.
27
What is the highest common factor of 3142 and 16848?
2
What is the greatest common factor of 1199339 and 179449?
1291
Calculate the greatest common divisor of 90979 and 130011.
287
What is the greatest common divisor of 37440 and 3090560?
320
Calculate the greatest common factor of 43362 and 488970.
54
What is the highest common factor of 5246 and 55033163?
2623
Calculate the greatest common factor of 143 and 854532107.
143
Calculate the greatest common factor of 306084 and 13179.
69
What is the greatest common divisor of 202453606 and 307?
307
What is the greatest common factor of 16429845 and 157263?
8277
Calculate the highest common divisor of 6025060 and 65.
5
Calculate the greatest common factor of 9802 and 7961486.
754
Calculate the greatest common divisor of 380 and 2047972.
76
Calculate the greatest common divisor of 1953 and 28875198.
93
Calculate the highest common factor of 10272 and 819088.
16
What is the greatest common factor of 8045 and 8963739?
1609
What is the highest common divisor of 5949710 and 182?
26
What is the highest common factor of 105106275 and 279?
279
Calculate the highest common divisor of 95490 and 3327930.
90
What is the greatest common factor of 287 and 193732?
7
Calculate the greatest common factor of 195621782 and 21865.
4373
Calculate the highest common divisor of 485507 and 435613.
1919
What is the greatest common divisor of 170969 and 543643?
1921
Calculate the greatest common divisor of 1629895 and 4715.
115
What is the highest common divisor of 43734048 and 4104?
456
Calculate the highest common factor of 3775 and 2390182775.
3775
Calculate the highest common factor of 5052354 and 360138.
1158
Calculate the greatest common divisor of 55037 and 615946.
1171
What is the greatest common divisor of 17081 and 51494503?
589
What is the greatest common divisor of 1158 and 546474?
6
Calculate the greatest common factor of 12537 and 34335.
63
What is the highest common divisor of 475734 and 9609152?
3374
What is the highest common factor of 714840 and 312?
24
What is the greatest common factor of 108486 and 41664?
42
What is the greatest common divisor of 33550 and 8540?
610
Calculate the highest common divisor of 130878 and 27101.
661
What is the highest common divisor of 1194 and 28881467?
199
What is the greatest common factor of 1550 and 2062430?
310
What is the highest common divisor of 117136 and 3376?
16
Calculate the greatest common factor of 220 and 493544260.
220
What is the greatest common divisor of 1066690 and 30?
10
What is the greatest common factor of 62823975 and 4845?
285
What is the greatest common factor of 280787913 and 135?
9
What is the greatest common factor of 168 and 211496?
8
What is the greatest common divisor of 6 and 1613319?
3
What is the greatest common divisor of 281118249 and 5454?
2727
What is the greatest common factor of 6454 and 110376?
14
Calculate the highest common divisor of 5577608 and 440.
8
Calculate the greatest common factor of 1417 and 41558103.
109
What is the greatest common factor of 55 and 95308785?
55
What 